{"id":3305,"date":"2011-10-14T09:45:09","date_gmt":"2011-10-14T09:45:09","guid":{"rendered":"http:\/\/www.zero-yen-media.fr\/home\/?page_id=2"},"modified":"2022-08-26T15:15:16","modified_gmt":"2022-08-26T13:15:16","slug":"zero-yen","status":"publish","type":"page","link":"https:\/\/www.zero-yen-media.fr\/home2\/zero-yen","title":{"rendered":"Zero Yen Media"},"content":{"rendered":"<p><strong>Activit\u00e9<br \/>\n<\/strong><br \/>\nNous sommes une association loi 1901 qui a pour but de promouvoir la culture japonaise au travers de plusieurs m\u00e9dias (presse \u00e9crite, site Internet, vid\u00e9os, r\u00e9seaux sociaux).<\/p>\n<p><strong>Le staff<br \/>\n<\/strong><br \/>\n<strong>Zero Yen Media<\/strong> se compose d&rsquo;un \u00ab\u00a0homme \u00e0 tout faire\u00a0\u00bb passionn\u00e9 par le Japon : Ghis, \u00e0 la fois administrateur du site, webmaster, r\u00e9dacteur en chef, PR et correcteur. Autant vous dire que ce n&rsquo;est pas de tout repos !&nbsp;<\/p>\n<p>Pour nous contacter, veuillez vous rendre <a title=\"Contact\" href=\"http:\/\/www.zero-yen-media.fr\/home2\/contact\" target=\"_blank\" rel=\"noopener noreferrer\">sur cette page<\/a>.<\/p>\n","protected":false},"excerpt":{"rendered":"<p>Activit\u00e9 Nous sommes une association loi 1901 qui a pour but de promouvoir la culture japonaise au travers de plusieurs m\u00e9dias (presse \u00e9crite, site Internet, vid\u00e9os, r\u00e9seaux sociaux). Le staff Zero Yen Media se compose d&rsquo;un \u00ab\u00a0homme \u00e0 tout faire\u00a0\u00bb passionn\u00e9 par le Japon : Ghis, \u00e0 la fois administrateur du site, webmaster, r\u00e9dacteur en<\/p>\n","protected":false},"author":1,"featured_media":0,"parent":0,"menu_order":0,"comment_status":"open","ping_status":"open","template":"","meta":{"ngg_post_thumbnail":0,"footnotes":""},"class_list":["post-3305","page","type-page","status-publish"],"_links":{"self":[{"href":"https:\/\/www.zero-yen-media.fr\/home2\/wp-json\/wp\/v2\/pages\/3305","targetHints":{"allow":["GET"]}}],"collection":[{"href":"https:\/\/www.zero-yen-media.fr\/home2\/wp-json\/wp\/v2\/pages"}],"about":[{"href":"https:\/\/www.zero-yen-media.fr\/home2\/wp-json\/wp\/v2\/types\/page"}],"author":[{"embeddable":true,"href":"https:\/\/www.zero-yen-media.fr\/home2\/wp-json\/wp\/v2\/users\/1"}],"replies":[{"embeddable":true,"href":"https:\/\/www.zero-yen-media.fr\/home2\/wp-json\/wp\/v2\/comments?post=3305"}],"version-history":[{"count":2,"href":"https:\/\/www.zero-yen-media.fr\/home2\/wp-json\/wp\/v2\/pages\/3305\/revisions"}],"predecessor-version":[{"id":90868,"href":"https:\/\/www.zero-yen-media.fr\/home2\/wp-json\/wp\/v2\/pages\/3305\/revisions\/90868"}],"wp:attachment":[{"href":"https:\/\/www.zero-yen-media.fr\/home2\/wp-json\/wp\/v2\/media?parent=3305"}],"curies":[{"name":"wp","href":"https:\/\/api.w.org\/{rel}","templated":true}]}}